e
Is 2017260 a multiple of 315?
True
Is 6856419 a multiple of 15?
False
Is 1291 a factor of 260205758?
False
Is 290873694 a multiple of 47?
True
Is 203 a factor of 47162449?
False
Does 2187 divide 233963636?
False
Does 122 divide 2120017302?
True
Is 2405 a factor of 37777276?
False
Is 2675997638 a multiple of 21?
False
Does 57 divide 136125896?
False
Is 62897399 a multiple of 14?
False
Is 299450816 a multiple of 3582?
False
Is 38200368 a multiple of 1646?
True
Is 967 a factor of 386507143?
False
Does 400 divide 78190442?
False
Is 46090800 a multiple of 210?
True
Is 10 a factor of 5248566?
False
Is 136892834 a multiple of 3439?
True
Does 704 divide 279561216?
True
Does 3 divide 501133437?
True
Is 36514012 a multiple of 2511?
False
Is 130438812 a multiple of 21?
True
Is 769351093 a multiple of 828?
False
Is 63 a factor of 3363583534?
False
Is 36 a factor of 1743809?
False
Is 2941549200 a multiple of 15?
True
Does 29 divide 1482781948?
True
Does 201 divide 532813614?
True
Is 12 a factor of 128038008?
True
Does 6837 divide 79213482?
True
Is 556 a factor of 13640348?
True
Is 161013076 even?
True
Is 1019064 a multiple of 16?
False
Does 11 divide 16789746?
False
Is 10 a factor of 113894838?
False
Does 10 divide 538160730?
True
Does 315 divide 103524120?
True
Is 145 a factor of 66081191?
False
Does 1010 divide 762690390?
True
Is 31534009 a multiple of 451?
False
Does 48 divide 3833376?
True
Is 598 a factor of 10160618?
True
Is 5569 a factor of 563812873?
False
Is 134 a factor of 78381381?
False
Is 141047529 a multiple of 49?
True
Is 5699304 a multiple of 39?
True
Is 3169588380 a multiple of 70?
True
Does 69 divide 339030732?
False
Is 3207 a factor of 2356776195?
True
Does 13 divide 147899583?
True
Is 19 a factor of 120722537?
False
Does 207 divide 38082224?
False
Is 466985637 a multiple of 107?
False
Is 1684174132 a multiple of 182?
False
Does 38 divide 609305247?
False
Is 158 a factor of 24287286?
True
Is 7 a factor of 18436652?
False
Does 193 divide 159130237?
True
Is 1769403515 a multiple of 29?
False
Is 567 a factor of 25603287?
False
Is 27869536 a multiple of 16?
True
Is 470587264 a multiple of 653?
False
Is 386318711 a multiple of 373?
True
Is 75537350 a multiple of 3325?
True
Does 54 divide 186903720?
True
Is 155447605 a multiple of 28?
False
Is 585 a factor of 211897915?
False
Does 94 divide 30111584?
True
Does 21 divide 48405855?
False
Does 1280 divide 3544320?
True
Is 315 a factor of 20452635?
True
Is 34 a factor of 20227586?
True
Is 257 a factor of 16068170?
False
Is 70 a factor of 174412966?
False
Does 7 divide 160521690?
True
Is 1151214088 a multiple of 161?
False
Is 2451676760 a multiple of 5155?
True
Does 39 divide 32051129?
False
Is 94 a factor of 453796720?
False
Is 642909870 a multiple of 90?
True
Does 1046 divide 51333492?
False
Does 79 divide 33415736?
True
Is 74447915 a multiple of 149?
False
Is 9267918 a multiple of 66?
True
Is 1966 a factor of 606383210?
True
Is 183 a factor of 14333139?
False
Does 60 divide 3922213?
False
Is 127368792 a multiple of 1816?
True
Is 2857 a factor of 27184225?
False
Does 526 divide 122212944?
True
Is 3085541440 a multiple of 80?
True
Does 15 divide 175038123?
False
Is 2866556440 a multiple of 9560?
True
Is 288316340 a multiple of 344?
False
Does 1984 divide 15906128?
False
Does 36 divide 8232300?
True
Is 11627200 a multiple of 325?
True
Does 169 divide 1623190751?
True
Is 71 a factor of 212384553?
False
Is 7 a factor of 3341010?
False
Is 1610146236 a multiple of 314?
False
Is 61 a factor of 1610715858?
True
Does 1154 divide 1233610998?
True
Does 962 divide 1287264321?
False
Does 18 divide 5790465000?
True
Does 7 divide 142989255?
False
Does 591 divide 3828498?
True
Is 6 a factor of 6072977?
False
Does 84 divide 19832960?
False
Is 21575329 a multiple of 6?
False
Is 1664137911 a multiple of 547?
False
Is 3053 a factor of 3325406074?
False
Does 1090 divide 110162161?
False
Is 260509531 a multiple of 175?
False
Is 6 a factor of 2468895822?
True
Is 21966234 a multiple of 6?
True
Is 85903403 a multiple of 884?
False
Is 682 a factor of 120814707?
False
Is 55365178 a multiple of 106?
True
Is 1512023667 a multiple of 133?
True
Does 6 divide 240515340?
True
Does 9 divide 323731?
False
Does 2749 divide 131277529?
False
Is 170 a factor of 1487582107?
False
Is 577 a factor of 359106942?
False
Does 188 divide 828328?
True
Is 46772352 a multiple of 44?
True
Does 1062 divide 37659582?
True
Is 376 a factor of 2032599976?
True
Is 55087392 a multiple of 736?
True
Is 240342501 a multiple of 1404?
False
Does 86 divide 24312334?
False
Is 505708569 a multiple of 1070?
False
Does 31 divide 489308550?
False
Is 3 a factor of 94718338?
False
Is 13290094 a multiple of 2?
True
Is 59 a factor of 189491799?
False
Does 162 divide 486001782?
True
Is 1020 a factor of 913083544?
False
Is 17 a factor of 497242622?
True
Is 133674408 a multiple of 1512?
True
Does 1899 divide 4215988167?
False
Does 188 divide 1630182216?
True
Does 42 divide 19427772?
True
Is 3295 a factor of 3272257910?
True
Does 42 divide 635616702?
True
Is 8008 a factor of 250408492?
False
Is 18365088 a multiple of 56?
True
Is 26 a factor of 1817870054?
True
Is 33586263 a multiple of 232?
False
Is 10 a factor of 30408294?
False
Does 43 divide 19834696?
True
Is 18774962 a multiple of 40?
False
Is 18 a factor of 135896617?
False
Does 35 divide 207220590?
False
Is 269934810 a multiple of 15?
True
Is 19 a factor of 7133740?
True
Is 54718018 a multiple of 57?
False
Does 18 divide 17121995?
False
Is 74204442 a multiple of 699?
True
Does 3 divide 2904231?
True
Is 9 a factor of 162839873?
False
Does 857 divide 157880400?
False
Is 37 a factor of 130548498?
False
Does 870 divide 18048910?
False
Is 6 a factor of 37246326?
True
Does 44 divide 2708948?
True
Is 46672119 a multiple of 381?
True
Is 319147164 a multiple of 1402?
False
Does 2862 divide 15902023?
False
Is 280016152 a multiple of 26?
True
Is 77 a factor of 18450777?
False
Does 35 divide 1074455916?
False
Does 13 divide 31096694?
False
Is 6 a factor of 27581130?
True
Does 5 divide 33022358?
False
Is 97710237 a multiple of 4?
False
Does 265 divide 54289225?
True
Is 9785310 a multiple of 93?
False
Is 259788804 a multiple of 4?
True
Does 7 divide 1002781555?
False
Is 179 a factor of 1460166343?
False
Does 8 divide 755722679?
False
Does 23 divide 99319290?
True
Is 43 a factor of 7379531?
True
Is 2573275978 a multiple of 10697?
False
Is 6297317 a multiple of 53?
False
Is 83822044 a multiple of 57?
False
Is 16 a factor of 13834847?
False
Is 3 a factor of 474385?
False
Does 1629 divide 62317395?
True
Does 1898 divide 204236302?
False
Does 768 divide 139550208?
True
Is 363234837 a multiple of 133?
True
Is 6053740 a multiple of 70?
True
Is 292 a factor of 298093028?
False
Is 301567686 a multiple of 14?
True
Is 71499832 a multiple of 1759?
True
Is 3695763 a multiple of 342?
False
Is 79098800 a multiple of 110?
True
Does 13 divide 28523227?
False
Does 32 divide 739483328?
True
Is 17622150 a multiple of 150?
True
Is 71736192 a multiple of 352?
True
Is 9 a factor of 707124?
False
Is 165111624 a multiple of 2437?
True
Does 48 divide 65848704?
True
Does 124 divide 9276125?
False
Does 160 divide 189123520?
True
Does 10 divide 139232107?
False
Does 95 divide 312576030?
True
Does 7 divide 5254312?
True
Is 42797920 a multiple of 176?
True
Does 59 divide 17522528?
True
Is 41 a factor of 2664706?
False
Does 125 divide 282268125?
True
Does 808 divide 90387728?
True
Does 168 divide 72948812?
False
Is 1155183101 a multiple of 5?
False
Is 1139 a factor of 102270810?
True
Does 26 divide 22350406?
True
Does 4 divide 1133741?
False
Does 23 divide 97603397?
False
Does 141 divide 42041829?
True
Is 16401 a factor of 5623033647?
True
Does 14083 divide 3584954397?
True
Does 51 divide 37073022?
True
Is 3849 a factor of 5534862?
True
Is 74418174 even?
True
Does 1035 divide 26235985?
False
Is 1290339270 a multiple of 7310?
True
Is 10242 a factor of 2574869526?
True
Does 1976 divide 41448576?
True
Is 710907283 a multiple of 143?
False
Is 50857367 a multiple of 135?
False
Is 193 a factor of 287251954?
False
Does 10 divide 9141497?
False
Does 14 divide 11427794?
True
Does 2032 divide 82718155?
False
Is 379893294 a multiple of 1089?
True
Does 7 divide 26207